at is the remainder when 59 is divided by b?
11
Let o = -4141 + 4182. What is the remainder when 146 is divided by o?
23
Suppose -15*j = -5*g - 18*j + 1432, 5*g - 1420 = -5*j. What is the remainder when g is divided by 42?
38
Let z = -5 - 25. Let u = -19 - z. Calculate the remainder when 52 is divided by u.
8
What is the remainder when (((-6)/(-20))/((-94)/(-7050)))/((-3)/(-8)) is divided by 55?
5
Let k = 2439 + -2220. What is the remainder when 793 is divided by k?
136
Suppose -2*r + 12553 = 2*o - 1391, -4*o = -3*r - 27944. Calculate the remainder when o is divided by 14.
8
Suppose -544 = 17*c + 17*c. Suppose 2*b - b = -3*u + 126, -167 = -4*u - b. Let m = c + u. Calculate the remainder when 122 is divided by m.
22
Let k = -4762 + 4766. What is the remainder when 61 is divided by k?
1
Suppose 3*i = -16*i + 2888. Calculate the remainder when 27 is divided by i/10 - 48/(-60).
11
Let r(z) be the second derivative of z**4/12 - 23*z**3/6 + 69*z**2/2 + 3*z + 8. Calculate the remainder when 147 is divided by r(23).
9
Let f(m) = -3*m + 8 + 18*m**3 - 22 + 11 + 6. What is the remainder when 71 is divided by f(1)?
17
What is the remainder when 118/(-6 + (-32)/(-4)) is divided by 264/10 - (-16)/(-40)?
7
Let m be (-15)/165 + (-92)/(-44). Calculate the remainder when 3 is divided by 3/m*(30 - 28).
0
Let o(m) = 85*m**2 - 26*m - 50. Calculate the remainder when o(-2) is divided by 164.
14
Suppose 3*i + f - 115 = -35, 4*i + 3*f = 115. Calculate the remainder when 688 is divided by i.
13
What is the remainder when 757 is divided by ((-380)/8 - -4)*(-308)/66?
148
Let c(t) = 12*t**2 + 2*t - 9 - 7 + 19. Suppose -109*d = -108*d - 37. What is the remainder when d is divided by c(-1)?
11
Suppose -48 = -7*s + 57. Suppose n + 5 - s = 0. Calculate the remainder when 38 is divided by n.
8
Let d(y) = 116*y + 4350. What is the remainder when 1738 is divided by d(-35)?
288
What is the remainder when (-4395)/(-11) + 30/(-55) is divided by 23?
8
Suppose -31 = 22*h - 97. Calculate the remainder when 1069 is divided by h.
1
Calculate the remainder when (-666 - -8842) + 1*(6 + 0) is divided by 8.
6
Suppose -118*i = -142*i + 9816. What is the remainder when i is divided by 46?
41
Suppose -f + 4*u = -100, -f + 3*u + 95 = -0*f. Let h = f - 102. What is the remainder when 84 is divided by h*1/(1/(-1))?
18
Calculate the remainder when ((-24765)/(-130))/((-2)/(-4)) is divided by 177.
27
Let g = 7406 - 6452. What is the remainder when g is divided by 192?
186
Suppose -2*q = -5*t - 828, 2*q = -5*t + 838 - 50. Let a = 465 - q. What is the remainder when a is divided by 20?
1
Suppose -245 = -62*m + 67*m. Let o = m - -37. Calculate the remainder when (-9)/o + (309/4 - -2) is divided by 21.
17
Suppose -14*j + 11 = -45. Let t(d) = -3*d + 24. What is the remainder when 23/(4 - (2 + 1)) is divided by t(j)?
11
Suppose -3*w + 6*w = -5*a + 334, 4*w - 448 = -4*a. Let o(m) = -36*m**3 - m - 1. Let z be o(-1). Let u = w - z. What is the remainder when u is divided by 23?
8
Let t = -6739 + 6879. What is the remainder when 686 is divided by t?
126
Suppose -248 - 188 = -2*o. Suppose 11*y = -o + 361. What is the remainder when 84 is divided by y?
6
Let s = 61 - 50. Let y = -350 + 363. Calculate the remainder when y is divided by s.
2
Suppose 0 = -5*c + 9 + 11. Suppose 10*h + 19 = -o + 5*h, c*h + 20 = 0. Calculate the remainder when o is divided by 2.
0
Let s(x) = 1444*x + 15678. What is the remainder when s(-9) is divided by 179?
176
Let c = 436 - 434. Suppose -c*y = -7*y + 20, -4*l - 3*y = -780. Calculate the remainder when l is divided by 48.
0
Let w(x) = -14*x**2 - 34*x - 115. Let o(u) = 5*u**2 + 11*u + 38. Let n(i) = -8*o(i) - 3*w(i). Calculate the remainder when 47 is divided by n(-4).
13
Suppose 69 = -0*o + 2*o - 5*w, 3*o - 166 = -5*w. Suppose -2171*i = -2160*i - 1507. What is the remainder when i is divided by o?
43
Let y(i) = i**2 + 8*i - 3. Let x be y(-5). Let c be ((-135)/90)/((-9)/(-60)). What is the remainder when 59 is divided by 12 + c + x/(-1)?
19
Suppose 720 = f - m, -2862 = f - 5*f - 5*m. What is the remainder when f is divided by 353?
12
Let s = -145 + 127. Let o = -8 - s. Calculate the remainder when 45 is divided by o.
5
Suppose 0 = -2*v - 3*y + 24, -6*v - 3*y = -0*y - 60. Calculate the remainder when 674 is divided by v.
8
Suppose 5*r + 119 = 12*r. Let a(m) = m**2 + 7*m + 2. Let u be a(6). Suppose -p + g = -u, -3*g + 238 = 3*p - 7*g. Calculate the remainder when p is divided by r.
14
Let g = 11 - 3. Let y(z) = 6 + 3 + 2*z**2 - 2403*z + 2390*z. What is the remainder when y(g) is divided by 17?
16
Let r = 5 - 3. Suppose -3*p + 211 = -r*s - 69, -3*p + 308 = 5*s. What is the remainder when p is divided by 6/2*44/4?
30
Let v(i) = -57*i + 1843. Calculate the remainder when v(-76) is divided by 206.
201
Let i(r) = 4407*r + 48583. Let f(q) = q**3 + 10*q**2 + 10*q - 11. What is the remainder when i(-11) is divided by f(-8)?
32
Let a be 14/(-56) - 53/(-4). Suppose a = -2*v + 21. Calculate the remainder when v is divided by (1 - 0)*(2 + -1).
0
Let x(m) = -m**2 - 22*m - 24. Let u(w) = -w**2 - 15*w - 16. Let s(k) = -7*u(k) + 5*x(k). Calculate the remainder when 14 is divided by s(4).
2
Let l = -18704 - -18714. Let f = 753 - 275. Calculate the remainder when f is divided by l.
8
Let x = 379 - 342. Let h = 15 + 61. What is the remainder when h is divided by x?
2
Suppose 22*r = 2*r - 9*r + 20097. What is the remainder when r is divided by 46?
3
Let k(g) = -96*g - 276. Let d be k(-7). Suppose 13*q - d = -9*q. What is the remainder when 249 is divided by q?
15
Let t = 4608 - 4513. Calculate the remainder when t is divided by 61.
34
Let p = 2232 + -1842. Calculate the remainder when p is divided by 12.
6
What is the remainder when 64 is divided by (8/((-152)/(-19)))/((-3)/(-66))?
20
Let t be 18/27*(3 + 0). Suppose 11 + 9 = -5*j, -4*i = -t*j - 252. What is the remainder when 242 is divided by i?
59
Calculate the remainder when 14483 is divided by 800/1200*(153 - 0).
101
Let y(a) = -a**2 - 22*a - 36. Let q be y(-20). Let j be q - 4*4/(-8). Suppose 10 = -2*t, -b = -j*b - 3*t + 45. Calculate the remainder when 107 is divided by b.
11
Let b = -31 - -51. Let y = 289 + -285. Let s(d) = 39*d - 81. Calculate the remainder when s(y) is divided by b.
15
Suppose 10957*k - 10944*k - 5772 = 0. Calculate the remainder when k is divided by 111.
0
Let j = 3335 - -2779. What is the remainder when j is divided by 15?
9
Suppose 6*z + 392 = 10*z. Let u be (-2)/(-7) - 28/z. Calculate the remainder when (145/(-29))/((-1)/2 + u) is divided by 7.
3
Suppose 7376 - 4153 = 14*p - 15635. What is the remainder when p is divided by 1337?
10
Let m(n) = -93*n + 1918. Calculate the remainder when m(12) is divided by 73.
72
Suppose -42 = -5*g - 202. Let x be 202/5 + (-8)/20. Let i = x + g. What is the remainder when 31 is divided by i?
7
Let y be -4*(1 + 9/(-6)). Suppose -5*m + w = -589, -m + 5*w = -y*m + 123. Calculate the remainder when m is divided by 22 + 360/126 + 12/(-14).
22
Suppose -637 + 393 = -t + 162. Calculate the remainder when t is divided by 39.
16
Suppose -2860 = -200*o - 294 + 2634. Calculate the remainder when 2946 is divided by o.
8
Suppose x + g = 31, -111 = -3*x + 4*g - g. Suppose 0 = 3*j + z + 9 - x, -3*z = -3*j + 21. Calculate the remainder when 212 is divided by j.
4
Let c(w) = -125*w + 240. Let z be c(-7). Suppose -4*i = -11*r + 6*r - z, 5*r - 595 = -2*i. What is the remainder when i is divided by 8?
5
Let p = -71 - -47. What is the remainder when 61 is divided by (2/(-7)*p)/(24/84)?
13
Let c = -46 - -103. Suppose -4*q = -16, -8*q = 5*w - 9*q - 1. Calculate the remainder when c is divided by -3 - (-20 - (-6 + w)).
9
Let o = -40 - -48. Suppose -o*d + 6 = -6*d. Calculate the remainder when 16 is divided by 1*d + (10 - 4) + 0.
7
Let w = -2701 + 2780. What is the remainder when 947 is divided by w?
78
Suppose -5*i = -12 - 28. Let q = -10 - -21. Calculate the remainder when 4224/57 - i/76 is divided by q.
8
Let g(j) = 2*j**2 + 23*j + 1. Let w(l) = -3*l**2 - 35*l - 1. Suppose 2*k = k + 5. Let h(o) = k*w(o) + 8*g(o). What is the remainder when 6 is divided by h(-9)?
0
Suppose -39 - 171 = 14*t. Let b(i) = -i**3 - 16*i**2 - 18*i - 23. Calculate the remainder when 131 is divided by b(t).
21
Let s(l) = l**2 - 5*l - 2.